 v*z - 3*m - 483 = 0, -2*z = -3*m + 2*m - 326. Let p(n) = -2*n + 5. Let a be p(-5). Calculate the greatest common divisor of a and z.
15
Let m be 3/(-1 + (-12)/(-10)). Let h be ((-3)/(9/(-48)))/2. Let l = h + -5. Calculate the highest common factor of m and l.
3
Suppose -i + 313 = 2*i + 4*h, -5*h + 20 = 0. Let o = i - 71. What is the highest common divisor of o and 42?
14
Let n = -28 - -58. Let s(g) = -g**2 - 4*g**2 + g**2 - 9*g + 3*g**2 + 7. Let z be s(-8). What is the greatest common factor of n and z?
15
Suppose -23 = -4*q - 3. Let n(t) = -t**3 + 11*t**2 - 7*t - 6. Let d be n(10). Let j = 44 - d. Calculate the highest common divisor of j and q.
5
Suppose -3*i + 5*k + 0*k = -61, 3*k = -3*i + 69. Suppose 9 = 3*d, -2*d = -5*x - 87 - 24. Let b = -10 - x. Calculate the greatest common factor of i and b.
11
Let u be (-128)/(-5) - (-2)/5. Calculate the greatest common divisor of 39 and u.
13
Let r be (2 + -1)/(3/54). What is the highest common divisor of 198 and r?
18
Suppose 0*c = -c + 20. Let g(y) = y**2 + 5*y - 10. Let v be g(-7). What is the greatest common divisor of c and v?
4
Suppose -7*d = -2*d - 180. Let p = 22 + -16. Calculate the greatest common factor of p and d.
6
Let k = -11 - -18. Let o = 52 - 31. What is the greatest common divisor of o and k?
7
Let k be ((-1)/3)/(4/(-156)). Let p = -5 - -7. Suppose 0 = -p*v + 6*s - s + 6, 5*v - 4*s - 49 = 0. Calculate the greatest common divisor of k and v.
13
Let h = 0 + -1. Let z be 2*h/(-2) - -41. Let m(j) = -j**2 + j + 18. Let a be m(-3). What is the greatest common factor of a and z?
6
Suppose -11*q = -33 - 66. Calculate the highest common divisor of q and 12.
3
Let h(a) = 1 + 2*a - 5*a - 1 + 3. Let p be h(-3). Let z = 6 - 3. Calculate the highest common factor of p and z.
3
Let q = -237 + 357. What is the greatest common divisor of q and 20?
20
Suppose 0*k - 26 = -2*k. Calculate the highest common divisor of k and 104.
13
Let u(h) = -7*h - 4. Let v be u(-12). What is the greatest common divisor of 48 and v?
16
Suppose -2*v - 75 = -3*v - 5*m, 5*v = 5*m + 345. Calculate the greatest common divisor of 14 and v.
14
Let j = 8 + -5. Let d(t) = 1 - 16*t**j + 2*t**3 - 2*t**2 + 3*t**2 + t. Let v be d(-1). What is the greatest common factor of v and 5?
5
Suppose 9*n - 90 = 6*n. Let d(l) = 2*l**2 + l. Let a be d(-2). Calculate the highest common factor of n and a.
6
Let t = 2 - -2. Suppose 5*z = t*x - 275, 0 = -5*x + z + 236 + 92. Calculate the highest common divisor of x and 26.
13
Let w = 28 - 18. Let l = 6 - -44. Calculate the greatest common divisor of w and l.
10
Let w = 1513 + -828. Suppose -235 = 5*c - w. What is the greatest common divisor of c and 30?
30
Suppose j = -5*t + 24 + 17, -5*t = -2*j + 127. What is the greatest common divisor of 448 and j?
56
Let d = -22 + 38. Let j = 207 - 63. Calculate the greatest common factor of j and d.
16
Let w be ((-6)/5)/(-4 + 1677/420). What is the greatest common factor of 21 and w?
21
Let k be -1 - 0/1 - -10. Let f = k + -6. Let l = -2 + f. Calculate the greatest common factor of l and 2.
1
Suppose 0 = 3*f - 9 - 54. Calculate the greatest common factor of 63 and f.
21
Let v = 24 - -88. What is the highest common divisor of 14 and v?
14
Suppose -2*a + 5 = -3. Suppose 0*w - 2*w + 42 = a*t, -30 = -3*w + 5*t. What is the greatest common factor of w and 5?
5
Let w = -2 - 1. Let f be ((-11)/(-3) + w)*18. Calculate the highest common divisor of 24 and f.
12
Suppose -1 = -o + 5. Suppose 0 = 2*y + 2 - 14. What is the greatest common factor of o and y?
6
Suppose 2*y + j - 20 = 2*j, -3*y + 2*j = -32. Let i = -23 - y. Let z = -18 - i. Calculate the highest common divisor of z and 117.
13
Let c be (4/8)/(1/8). Let b = -3 + c. Let t(z) = 4*z**2 + 2*z + 1. Let y be t(-1). What is the greatest common divisor of b and y?
1
Let m(h) = 5*h**2 + 2*h + 2. Let x be m(-1). What is the highest common divisor of 5 and x?
5
Let l = 6 + -4. Let w be 26/l - (-2 + 0). Let y be (w/(-9) + 1)*-6. Calculate the highest common factor of y and 6.
2
Suppose -m = -f + 108, 0*f - m = -3*f + 324. Suppose 7 = -5*l + 67. Calculate the greatest common factor of f and l.
12
Let m = 111 - 106. Calculate the highest common factor of 10 and m.
5
Let i(y) = y - 5. Let w be i(7). Suppose -4*b = 5*l - 43, 4 + 25 = 5*b - w*l. What is the greatest common divisor of 70 and b?
7
Suppose 0*l = -g - l + 68, -4*g + 3*l + 237 = 0. Calculate the highest common factor of g and 14.
7
Let k(b) = -b**3 + b**2 + b. Let t(d) = 3*d**3 + 8*d**2 - 11*d - 2. Let m(n) = 4*k(n) + t(n). Let h be m(11). What is the highest common divisor of h and 6?
6
Suppose -5*x + z = -54, 0*x - 2*z = 4*x - 46. Let n be (2 + -8)/3*-1. Let l = n + 9. Calculate the highest common divisor of l and x.
11
Suppose 0 = -l + 3*l. Let t = 3 - l. What is the greatest common factor of 2 and t?
1
Let x(z) = z**2 + 3*z. Let h be x(-3). Suppose 4*q - 128 + 8 = h. Let u = 6 - -14. Calculate the highest common factor of q and u.
10
Let q be 2*-1*21/6. Let m(b) be the second derivative of -b**3/6 - 2*b**2 + b. Let s be m(q). Calculate the highest common divisor of s and 3.
3
Let r = 10 + -5. Suppose 2*d + 668 = 4*q, -3*q + r*d = q - 680. What is the highest common divisor of 15 and q?
15
Let i be 0 - 1 - (-8 - -6). Suppose -5*a + i + 4 = 0. What is the highest common divisor of 8 and a?
1
Let b(y) be the third derivative of y**5/60 - 7*y**4/24 - 2*y**3/3 + 3*y**2. Let p be b(9). Calculate the greatest common divisor of 7 and p.
7
Suppose 5*b + 7*w - 4*w + 10 = 0, -4 = 2*b - 2*w. Let p = 7 + b. What is the highest common factor of 45 and p?
5
Suppose 4*l + 3*t - 346 = 0, l + 4*t - 5*t - 83 = 0. What is the highest common divisor of 17 and l?
17
Let g(i) = 22*i**3 - 2*i**2 + 3*i - 2. Let v be g(1). What is the greatest common divisor of v and 7?
7
Let n(m) = m**3 - 6*m**2 - 8*m + 8. Let v be (3/6)/((-2)/(-28)). Let y be n(v). Let k be 2/y - (0 + -1). Calculate the greatest common divisor of 24 and k.
3
Let p = 7 + -2. Suppose 4*k + k = p. Suppose -m + 16 = -3*j, -3*j - 24 = -5*m + 2*m. What is the highest common divisor of m and k?
1
Let d(c) = 5 + 8 - 6*c - c**2 + 16*c. Let j be d(9). What is the greatest common factor of 44 and j?
22
Let z = 48 - 22. Suppose -3 = i - 16. Calculate the highest common factor of i and z.
13
Let o = -8 - -17. Suppose -o = -5*n + 6. What is the greatest common factor of 15 and n?
3
Let s = 1 - -69. Calculate the greatest common factor of 14 and s.
14
Let y(t) = 1 + 10*t**2 + 5 - 4 + t. Let f be y(3). Let i = -14 + 33. Calculate the greatest common divisor of i and f.
19
Let d = 14 + -6. Let m(h) be the first derivative of -h**4/4 + 16*h - 3. Let s be m(0). Calculate the highest common factor of s and d.
8
Let o be (-30)/(-21)*(15 - 1). Let q be (0/2)/(1 + 1). Suppose 2*c = 3*z - 5*z + 16, -5*z - 4*c + 42 = q. Calculate the highest common divisor of o and z.
10
Let c be 16/10 + (-4)/(-10). Let t(n) = n**3 + 3*n**2 - 4*n + 1. Let o be t(-4). Let q be (-3)/3 - (-1 - o). Calculate the greatest common factor of c and q.
1
Let b = 38 + 25. What is the highest common factor of 7 and b?
7
Let k(q) = -28*q. Let s be k(-4). Suppose 2*r + 5 - 37 = 0. What is the highest common divisor of s and r?
16
Let p(b) = b**3 + 7*b**2 - 5*b + 6. Let v be p(-9). Let t be v/(-6) + (-2)/4. What is the highest common factor of t and 90?
18
Suppose 0 = -k + 4*g + g - 5, 0 = k - 4*g + 3. Suppose 3*t + 9 = -0*t - k*r, 3*r = 4*t - 17. Calculate the highest common divisor of t and 6.
2
Suppose -3*r - 1 = -4*r. Let d be 11/((-2)/(-2)*r). Let b = 10 + 1. What is the greatest common factor of d and b?
11
Suppose 0 = 8*d - 3*d - 60. Let w = -247 - -355. Calculate the greatest common factor of w and d.
12
Suppose 5*c - n = 2*n, 3*c - 2*n = -1. Suppose 52 = f + c*d + 2, 5*d + 234 = 4*f. Suppose 4*w = w + 24. What is the highest common divisor of w and f?
8
Suppose -2*x - 25 = -73. Let c(k) = -k**2 + 24. Let y be c(0). What is the greatest common factor of y and x?
24
Let c be 18*(4/(-12) + 1). Calculate the highest common factor of c and 6.
6
Suppose -4*k = -2 - 10. Let m be (0 + k)*(-1)/(-1). Let h = 13 - -2. What is the highest common factor of m and h?
3
Let z = -48 + 84. What is the highest common factor of 252 and z?
36
Suppose -c - 62 + 260 = 0. What is 